{"id":309,"date":"2019-11-18T11:22:45","date_gmt":"2019-11-18T10:22:45","guid":{"rendered":"https:\/\/beta.eccoholiday.pl\/p?page_id=309"},"modified":"2019-11-18T11:41:20","modified_gmt":"2019-11-18T10:41:20","slug":"kontakt","status":"publish","type":"page","link":"https:\/\/www.eccotravel.eu\/p\/kontakt","title":{"rendered":"Kontakt"},"content":{"rendered":"\n<div class=\"wpcf7 no-js\" id=\"wpcf7-f311-o1\" lang=\"pl-PL\" dir=\"ltr\" data-wpcf7-id=\"311\">\n<div class=\"screen-reader-response\"><p role=\"status\" aria-live=\"polite\" aria-atomic=\"true\"><\/p> <ul><\/ul><\/div>\n<form action=\"\/p\/wp-json\/wp\/v2\/pages\/309#wpcf7-f311-o1\" method=\"post\" class=\"wpcf7-form init\" aria-label=\"Formularz kontaktowy\" enctype=\"multipart\/form-data\" novalidate=\"novalidate\" data-status=\"init\">\n<fieldset class=\"hidden-fields-container\"><input type=\"hidden\" name=\"_wpcf7\" value=\"311\" \/><input type=\"hidden\" name=\"_wpcf7_version\" value=\"6.1.5\" \/><input type=\"hidden\" name=\"_wpcf7_locale\" value=\"pl_PL\" \/><input type=\"hidden\" name=\"_wpcf7_unit_tag\" value=\"wpcf7-f311-o1\" \/><input type=\"hidden\" name=\"_wpcf7_container_post\" value=\"0\" \/><input type=\"hidden\" name=\"_wpcf7_posted_data_hash\" value=\"\" \/><input type=\"hidden\" name=\"_wpcf7cf_hidden_group_fields\" value=\"[]\" \/><input type=\"hidden\" name=\"_wpcf7cf_hidden_groups\" value=\"[]\" \/><input type=\"hidden\" name=\"_wpcf7cf_visible_groups\" value=\"[]\" \/><input type=\"hidden\" name=\"_wpcf7cf_repeaters\" value=\"[]\" \/><input type=\"hidden\" name=\"_wpcf7cf_steps\" value=\"{}\" \/><input type=\"hidden\" name=\"_wpcf7cf_options\" value=\"{&quot;form_id&quot;:311,&quot;conditions&quot;:[{&quot;then_field&quot;:&quot;group-preSelect&quot;,&quot;and_rules&quot;:[{&quot;if_field&quot;:&quot;contactRecipient&quot;,&quot;operator&quot;:&quot;not equals&quot;,&quot;if_value&quot;:&quot;Zg\\u0142oszenie wewn\\u0119trzne&quot;}]},{&quot;then_field&quot;:&quot;group-postSelect&quot;,&quot;and_rules&quot;:[{&quot;if_field&quot;:&quot;contactRecipient&quot;,&quot;operator&quot;:&quot;not equals&quot;,&quot;if_value&quot;:&quot;Zg\\u0142oszenie wewn\\u0119trzne&quot;}]},{&quot;then_field&quot;:&quot;group-submit&quot;,&quot;and_rules&quot;:[{&quot;if_field&quot;:&quot;contactRecipient&quot;,&quot;operator&quot;:&quot;not equals&quot;,&quot;if_value&quot;:&quot;Zg\\u0142oszenie wewn\\u0119trzne&quot;}]},{&quot;then_field&quot;:&quot;group-reservationNumber&quot;,&quot;and_rules&quot;:[{&quot;if_field&quot;:&quot;contactRecipient&quot;,&quot;operator&quot;:&quot;not equals&quot;,&quot;if_value&quot;:&quot;Zg\\u0142oszenie wewn\\u0119trzne&quot;}]},{&quot;then_field&quot;:&quot;group-internalReport&quot;,&quot;and_rules&quot;:[{&quot;if_field&quot;:&quot;contactRecipient&quot;,&quot;operator&quot;:&quot;equals&quot;,&quot;if_value&quot;:&quot;Zg\\u0142oszenie wewn\\u0119trzne&quot;}]}],&quot;settings&quot;:{&quot;animation&quot;:&quot;yes&quot;,&quot;animation_intime&quot;:200,&quot;animation_outtime&quot;:200,&quot;conditions_ui&quot;:&quot;normal&quot;,&quot;notice_dismissed&quot;:false,&quot;notice_dismissed_rollback-cf7-5.8.6&quot;:true,&quot;notice_dismissed_rollback-cf7-5.8.7&quot;:true,&quot;notice_dismissed_rollback-cf7-5.9.5&quot;:true}}\" \/><input type=\"hidden\" name=\"_wpcf7_recaptcha_response\" value=\"\" \/>\n<\/fieldset>\n<div data-id=\"group-preSelect\" data-orig_data_id=\"group-preSelect\"  class=\"\" data-class=\"wpcf7cf_group\">\n<div class=\"row my-3\">\n\t<div class=\"col-md-12\">\n\t\t<div class=\"form-group\">\n\t\t\t<label for=\"contactName\">Imi\u0119 i nazwisko:<\/label>\n\t\t\t<span class=\"wpcf7-form-control-wrap\" data-name=\"contactName\"><input size=\"40\" maxlength=\"400\" class=\"wpcf7-form-control wpcf7-text wpcf7-validates-as-required form-control\" id=\"contactName\" aria-required=\"true\" aria-invalid=\"false\" value=\"\" type=\"text\" name=\"contactName\" \/><\/span>\n\t\t<\/div>\n\t<\/div>\n<\/div>\n\n<div class=\"row my-3\">\n\t<div class=\"col-md-6\">\n\t\t<div class=\"form-group\">\n\t\t\t<label for=\"contactMail\">Adres e-mail:<\/label>\n\t\t\t<span class=\"wpcf7-form-control-wrap\" data-name=\"contactMail\"><input size=\"40\" maxlength=\"400\" class=\"wpcf7-form-control wpcf7-email wpcf7-validates-as-required wpcf7-text wpcf7-validates-as-email form-control\" id=\"contactMail\" aria-required=\"true\" aria-invalid=\"false\" value=\"\" type=\"email\" name=\"contactMail\" \/><\/span>\n\t\t<\/div>\n\t<\/div>\n\n\t<div class=\"col-md-6\">\n\t\t<div class=\"form-group\">\n\t\t\t<label for=\"contactPhone\">Telefon:<\/label>\n\t\t\t<span class=\"wpcf7-form-control-wrap\" data-name=\"contactPhone\"><input size=\"40\" maxlength=\"400\" class=\"wpcf7-form-control wpcf7-tel wpcf7-validates-as-required wpcf7-text wpcf7-validates-as-tel form-control\" id=\"contactPhone\" aria-required=\"true\" aria-invalid=\"false\" value=\"\" type=\"tel\" name=\"contactPhone\" \/><\/span>\n\t\t<\/div>\n\t<\/div>\n<\/div>\n<\/div>\n\n<div class=\"row my-3\">\n\t<div class=\"col-md-6\">\n\t\t<div class=\"form-group\">\n\t\t\t<label for=\"contactRecipient\">Adresat (wybierz z listy):<\/label>\n\t\t\t<span class=\"wpcf7-form-control-wrap\" data-name=\"contactRecipient\"><select class=\"wpcf7-form-control wpcf7-select wpcf7-validates-as-required form-control styled\" id=\"contactRecipient\" aria-required=\"true\" aria-invalid=\"false\" name=\"contactRecipient\"><option value=\"\">&#8212;Prosz\u0119 wybra\u0107 opcj\u0119&#8212;<\/option><option value=\"Sekretariat firmy\">Sekretariat firmy<\/option><option value=\"Dzia\u0142 agencyjny\">Dzia\u0142 agencyjny<\/option><option value=\"Dzia\u0142 informatyki\">Dzia\u0142 informatyki<\/option><option value=\"Dzia\u0142 ksi\u0119gowo\u015bci\">Dzia\u0142 ksi\u0119gowo\u015bci<\/option><option value=\"Dzia\u0142 marketingu\">Dzia\u0142 marketingu<\/option><option value=\"Dzia\u0142 reklamacji\">Dzia\u0142 reklamacji<\/option><option value=\"Dzia\u0142 sprzeda\u017cy\">Dzia\u0142 sprzeda\u017cy<\/option><option value=\"Zg\u0142oszenie wewn\u0119trzne\">Zg\u0142oszenie wewn\u0119trzne<\/option><\/select><\/span>\n\t\t<\/div>\n\t<\/div>\n\n<div data-id=\"group-reservationNumber\" data-orig_data_id=\"group-reservationNumber\"  class=\"col-md-6\" data-class=\"wpcf7cf_group\">\n\t<div class=\"form-group\">\n\t\t<label for=\"contactResId\">Numer rezerwacji (wymagany przy reklamacji):<\/label>\n\t\t<span class=\"wpcf7-form-control-wrap\" data-name=\"contactResId\"><input class=\"wpcf7-form-control wpcf7-number wpcf7-validates-as-number form-control\" id=\"contactResId\" min=\"100000\" max=\"999999999\" aria-invalid=\"false\" value=\"\" type=\"number\" name=\"contactResId\" \/><\/span>\n\t<\/div>\n<\/div>\n<\/div>\n\n<div data-id=\"group-postSelect\" data-orig_data_id=\"group-postSelect\"  class=\"\" data-class=\"wpcf7cf_group\">\n<div class=\"row my-3\">\n\t<div class=\"col-md-12\">\n\t\t<div class=\"form-group\">\n\t\t\t<label for=\"contactFile\">Za\u0142\u0105cznik (max. 10 MB):<\/label>\n\t\t\t<span class=\"wpcf7-form-control-wrap\" data-name=\"contactFile\"><input size=\"40\" class=\"wpcf7-form-control wpcf7-file form-control-file\" id=\"contactFile\" accept=\"audio\/*,video\/*,image\/*\" aria-invalid=\"false\" type=\"file\" name=\"contactFile\" \/><\/span>\n\t\t<\/div>\n\t<\/div>\n<\/div>\n\n<div class=\"row my-3\">\n\t<div class=\"col-md-12\">\n\t\t<div class=\"form-group\">\n\t\t\t<label for=\"contactMsg\">Tre\u015b\u0107 wiadomo\u015bci:<\/label>\n\t\t\t<span class=\"wpcf7-form-control-wrap\" data-name=\"contactMsg\"><textarea cols=\"40\" rows=\"10\" maxlength=\"2000\" class=\"wpcf7-form-control wpcf7-textarea wpcf7-validates-as-required form-control\" id=\"contactMsg\" aria-required=\"true\" aria-invalid=\"false\" name=\"contactMsg\"><\/textarea><\/span>\n\t\t<\/div>\n\t<\/div>\n<\/div>\n<\/div>\n\n<div data-id=\"group-internalReport\" data-orig_data_id=\"group-internalReport\"  class=\"row my-3\" data-class=\"wpcf7cf_group\">\n<div class=\"col-md-12 my-4\" style=\"font-size:1.2rem; line-height:1.5;letter-spacing:.03em;\">\nAby dokona\u0107 zg\u0142oszenia wewn\u0119trznego, <a href=\"https:\/\/forms.eccoholiday.com\/app\/form?id=PWaXWQ&b=0\">kliknij w ten link<\/a>.\n<\/div>\n<\/div>\n\n<div data-id=\"group-submit\" data-orig_data_id=\"group-submit\"  class=\"\" data-class=\"wpcf7cf_group\">\n<div class=\"row my-3\">\n\t<div class=\"col-md-12 my-4\" style=\"font-size:11px; line-height:1.5;letter-spacing:.03em;\">\nWysy\u0142aj\u0105c wiadomo\u015b\u0107, wyra\u017casz zgod\u0119 na przetwarzanie danych osobowych przez firm\u0119 Ecco Holiday Sp. z o.o., z siedzib\u0105 w Poznaniu, Al. Solidarno\u015bci 46 w celu udzielenia odpowiedzi na zadane pytanie (w tym przes\u0142anie oferty handlowej) \u015brodkami komunikacji elektronicznej, zgodnie z ustaw\u0105 z dnia 18.07.2002&nbsp;r. o \u015bwiadczeniu us\u0142ug drog\u0105 elektroniczn\u0105 (Dz. U. z&nbsp;2002 roku, nr 144 poz. 1204 z p\u00f3\u017an. zm.) oraz u\u017cywanie w kontakcie ze mn\u0105 komunikacji telefonicznej i e-mailowej, zgodnie z ustaw\u0105 z dnia 16.07.2004 r. Prawo telekomunikacyjne (Dz. U. z 2004 roku nr 171, poz. 1800 z&nbsp;p\u00f3\u017an. zm.)\nZgodnie z art. 13 ust. 1 i 2 oraz art. 14 ust. 1 i 2 Rozporz\u0105dzenia Parlamentu Europejskiego i Rady (UE) nr 2016\/679 z dnia 27 kwietnia 2016 r. w sprawie ochrony os\u00f3b fizycznych w zwi\u0105zku z przetwarzaniem danych osobowych informujemy, \u017ce Administratorem danych osobowych jest Ecco Holiday Sp. z o.o., Al. Solidarno\u015bci 46, 61-696 Pozna\u0144, nr telefonu 61&nbsp;64&nbsp;74&nbsp;600, NIP&nbsp;9511773682, REGON&nbsp;012797354, Nr&nbsp;KRS&nbsp;0000082342, S\u0105d Rejonowy Pozna\u0144 - Nowe Miasto i Wilda w Poznaniu, VIII Wydz. Gospodarczy KRS. Kapita\u0142 zak\u0142adowy sp\u00f3\u0142ki: 35 100 000,00 z\u0142.\nInformacje na temat zakresu przetwarzania danych znajd\u0105 Pa\u0144stwo w dziale: <a href=\"\/p,Polityka-prywatnosci\" target=\"_blank\"><u>Polityka prywatno\u015bci<\/u><\/a>.\n\t<\/div>\n<\/div>\n\n<div class=\"row my-3\">\n\t<div class=\"col-md-12\">\n\t\t<input class=\"wpcf7-form-control wpcf7-submit has-spinner btn btn-primary float-right\" type=\"submit\" value=\"Wy\u015blij\" \/>\n\t<\/div>\n<\/div>\n\n<\/div><div class=\"wpcf7-response-output\" aria-hidden=\"true\"><\/div>\n<\/form>\n<\/div>\n","protected":false},"excerpt":{"rendered":"","protected":false},"author":1,"featured_media":0,"parent":0,"menu_order":0,"comment_status":"closed","ping_status":"closed","template":"","meta":{"_acf_changed":false,"footnotes":""},"wf_page_folders":[4],"class_list":["post-309","page","type-page","status-publish","hentry"],"acf":[],"_links":{"self":[{"href":"https:\/\/www.eccotravel.eu\/p\/wp-json\/wp\/v2\/pages\/309","targetHints":{"allow":["GET"]}}],"collection":[{"href":"https:\/\/www.eccotravel.eu\/p\/wp-json\/wp\/v2\/pages"}],"about":[{"href":"https:\/\/www.eccotravel.eu\/p\/wp-json\/wp\/v2\/types\/page"}],"author":[{"embeddable":true,"href":"https:\/\/www.eccotravel.eu\/p\/wp-json\/wp\/v2\/users\/1"}],"replies":[{"embeddable":true,"href":"https:\/\/www.eccotravel.eu\/p\/wp-json\/wp\/v2\/comments?post=309"}],"version-history":[{"count":2,"href":"https:\/\/www.eccotravel.eu\/p\/wp-json\/wp\/v2\/pages\/309\/revisions"}],"predecessor-version":[{"id":312,"href":"https:\/\/www.eccotravel.eu\/p\/wp-json\/wp\/v2\/pages\/309\/revisions\/312"}],"wp:attachment":[{"href":"https:\/\/www.eccotravel.eu\/p\/wp-json\/wp\/v2\/media?parent=309"}],"wp:term":[{"taxonomy":"wf_page_folders","embeddable":true,"href":"https:\/\/www.eccotravel.eu\/p\/wp-json\/wp\/v2\/wf_page_folders?post=309"}],"curies":[{"name":"wp","href":"https:\/\/api.w.org\/{rel}","templated":true}]}}