{"id":3284,"date":"2021-06-17T10:12:26","date_gmt":"2021-06-17T08:12:26","guid":{"rendered":"https:\/\/www.eccoholiday.com\/p?page_id=3284"},"modified":"2025-07-21T10:04:46","modified_gmt":"2025-07-21T08:04:46","slug":"hotele-deluxe","status":"publish","type":"page","link":"https:\/\/www.eccotravel.eu\/p\/hotele-deluxe","title":{"rendered":"Hotele DELUXE"},"content":{"rendered":"\r\n\r\n\r\n\r\n\r\n\r\n\r\n\r\n\r\n\r\n\r\n\r\n\r\n\r\n\r\n\r\n\r\n\r\n\r\n\r\n\r\n\r\n\r\n\r\n\r\n\r\n\r\n\r\n\r\n\r\n\r\n\r\n\r\n\r\n\r\n\r\n\r\n\r\n\r\n  \r\n<link rel=\"stylesheet\" href=\"https:\/\/www.eccoholiday.com\/fm\/pliki\/web_img\/kierunki-box-webp.css?ts=1775653359\" media='all' \/>\r\n<link rel=\"stylesheet\" href=\"https:\/\/www.eccoholiday.com\/fm\/pliki\/lp-deluxe\/style.min.css?ts=1775653359\" media='all' \/>\r\n\r\n\r\n  <div class=\"lp-container\">\r\n\r\n    <div class=\"lp-top\">\r\n      <div class=\"ovrly\"><\/div>\r\n      <div class=\"znak\"><\/div>\r\n      <div class=\"slogan\">HOTELE  <strong>DELUXE<\/strong><\/div>\r\n      <p>Oto nasze najciekawsze hotele na beztroski relaks. Idealne, je\u015bli macie ochot\u0119 si\u0119 troch\u0119 porozpieszcza\u0107. W&nbsp;ko\u0144cu po to s\u0105 wakacje!<\/p>\r\n    <\/div>\r\n\r\n    <div class=\"lp-content\">\r\n\r\n      <p>Wybierz jeden z kierunk\u00f3w:<\/p>\r\n      <div class=\"kierunki\">\r\n\r\n\r\n\r\n        \r\n        <figure id=\"udds-1\" class=\"deluxe offer-exists\">\r\n          <div class=\"kierunek\" style=\"background-image: url(https:\/\/datacfstatic.merlinx.pl\/ECCX\/IMG\/6006\/61bc5587d7cda6447f04d56a60856489eac0771b4190797c9a5af5bbeeaecf11.webp)\"><\/div>\r\n          <figcaption>\r\n            <div>\r\n              <t6>grecja<\/t6>\r\n              <t2>kreta<\/t2>\r\n            <\/div>\r\n            <div>\r\n              <t3>DELUXE<\/t3>\r\n              <t3>POKA\u017b HOTELE <strong>DELUXE<\/strong><\/t3>\r\n            <\/div>\r\n          <price>1873<\/price>\r\n          <\/figcaption>\r\n          <search><\/search>\r\n          <a href=\"\/l,,,,,,,,,,,samolot,,,,,,,,,,,188857;19304;-162842;19348;1648;-3459;-183394\" target=\"_blank\" rel=\"noopener\"><\/a>\r\n        <\/figure>\r\n        \r\n        <figure id=\"udds-2\" class=\"deluxe offer-exists\">\r\n          <div class=\"kierunek\" style=\"background-image: url(https:\/\/datacfstatic.merlinx.pl\/ECCX\/IMG\/1009\/aeaf248de2340dcdb04bc4d1bc7ceddf12b579cab98048cc433ef70ab39c2510.webp)\"><\/div>\r\n          <figcaption>\r\n            <div>\r\n              <t6>grecja<\/t6>\r\n              <t2>korfu<\/t2>\r\n            <\/div>\r\n            <div>\r\n              <t3>DELUXE<\/t3>\r\n              <t3>POKA\u017b HOTELE <strong>DELUXE<\/strong><\/t3>\r\n            <\/div>\r\n          <price>1680<\/price>\r\n          <\/figcaption>\r\n          <search><\/search>\r\n          <a href=\"\/l,,,,,,,,,,,samolot,,,,,,,,,,,-169164;16571;-171225\" target=\"_blank\" rel=\"noopener\"><\/a>\r\n        <\/figure>\r\n        \r\n        <figure id=\"udds-3\" class=\"deluxe offer-exists\">\r\n          <div class=\"kierunek\" style=\"background-image: url(https:\/\/datacfstatic.merlinx.pl\/ECCX\/IMG\/1534\/c7006d57576a9436cc6d2e4de7c6668ba7e906c136e710a434b6504188a2a053.webp)\"><\/div>\r\n          <figcaption>\r\n            <div>\r\n              <t6>grecja<\/t6>\r\n              <t2>rodos<\/t2>\r\n            <\/div>\r\n            <div>\r\n              <t3>DELUXE<\/t3>\r\n              <t3>POKA\u017b HOTELE <strong>DELUXE<\/strong><\/t3>\r\n            <\/div>\r\n          <price>1175<\/price>\r\n          <\/figcaption>\r\n          <search><\/search>\r\n          <a href=\"\/l,,,,,,,,,,,samolot,,,,,,,,,,,-170356;-65871;-175692;14617;14294\" target=\"_blank\" rel=\"noopener\"><\/a>\r\n        <\/figure>\r\n        \r\n        <figure id=\"udds-4\" class=\"deluxe offer-exists\">\r\n          <div class=\"kierunek\" style=\"background-image: url(https:\/\/datacfstatic.merlinx.pl\/ECCX\/IMG\/1915\/47713860ccafde799aca451fb30895fd493aa3ee728e1cc4f7d8e4f85ef027f9.webp)\"><\/div>\r\n          <figcaption>\r\n            <div>\r\n              <t6>grecja<\/t6>\r\n              <t2>zakynthos<\/t2>\r\n            <\/div>\r\n            <div>\r\n              <t3>DELUXE<\/t3>\r\n              <t3>POKA\u017b HOTELE <strong>DELUXE<\/strong><\/t3>\r\n            <\/div>\r\n          <price>3235<\/price>\r\n          <\/figcaption>\r\n          <search><\/search>\r\n          <a href=\"\/l,,,,,,,,,,,samolot,,,,,,,,,,,167118;-157253;16342\" target=\"_blank\" rel=\"noopener\"><\/a>\r\n        <\/figure>\r\n        \r\n        <figure id=\"udds-5\" class=\"deluxe offer-exists\">\r\n          <div class=\"kierunek\" style=\"background-image: url(https:\/\/datacfstatic.merlinx.pl\/ECCX\/IMG\/1512\/b0b6d4b93558ccc37a0bcb2a72c71d966a8f5556b79a0947a355d1619b586820.webp)\"><\/div>\r\n          <figcaption>\r\n            <div>\r\n              <t6>grecja<\/t6>\r\n              <t2>santorini<\/t2>\r\n            <\/div>\r\n            <div>\r\n              <t3>DELUXE<\/t3>\r\n              <t3>POKA\u017b HOTELE <strong>DELUXE<\/strong><\/t3>\r\n            <\/div>\r\n          <price>2091<\/price>\r\n          <\/figcaption>\r\n          <search><\/search>\r\n          <a href=\"\/l,,,,,,,,,,,samolot,,,,,,,,,,,-120674;-120657;-138165\" target=\"_blank\" rel=\"noopener\"><\/a>\r\n        <\/figure>\r\n        \r\n        <figure id=\"udds-10\" class=\"deluxe offer-exists\">\r\n          <div class=\"kierunek\" style=\"background-image: url(https:\/\/datacfstatic.merlinx.pl\/ECCX\/IMG\/7692\/f00eca5f749c53b427e0770b49d147ee0461566b66adf33c1d08dd35b5d62642.webp)\"><\/div>\r\n          <figcaption>\r\n            <div>\r\n              <t6><\/t6>\r\n              <t2>cypr<\/t2>\r\n            <\/div>\r\n            <div>\r\n              <t3>DELUXE<\/t3>\r\n              <t3>POKA\u017b HOTELE <strong>DELUXE<\/strong><\/t3>\r\n            <\/div>\r\n          <price>1526<\/price>\r\n          <\/figcaption>\r\n          <search><\/search>\r\n          <a href=\"\/l,,,,,,,,,,,samolot,,,,,,,,,,,-175281;6800;-174515;-195430;2365;10090;21429;-179433\" target=\"_blank\" rel=\"noopener\"><\/a>\r\n        <\/figure>\r\n        \r\n        <figure id=\"udds-11\" class=\"deluxe offer-exists\">\r\n          <div class=\"kierunek\" style=\"background-image: url(https:\/\/datacfstatic.merlinx.pl\/ECCX\/IMG\/1210\/e58c5b83c18a45e3a5f12962f1237f08e2aa8bd7c3509a7a5abddfb80ef28b90.webp)\"><\/div>\r\n          <figcaption>\r\n            <div>\r\n              <t6><\/t6>\r\n              <t2>turcja<\/t2>\r\n            <\/div>\r\n            <div>\r\n              <t3>DELUXE<\/t3>\r\n              <t3>POKA\u017b HOTELE <strong>DELUXE<\/strong><\/t3>\r\n            <\/div>\r\n          <price>3136<\/price>\r\n          <\/figcaption>\r\n          <search><\/search>\r\n          <a href=\"\/l,,,,,,,,,,,samolot,,,,,,,,,,,-154284;-165378;2396;14410;-15831;13017\" target=\"_blank\" rel=\"noopener\"><\/a>\r\n        <\/figure>\r\n        \r\n        <figure id=\"udds-21\" class=\"deluxe offer-exists\">\r\n          <div class=\"kierunek\" style=\"background-image: url(https:\/\/datacfstatic.merlinx.pl\/ECCX\/IMG\/4552\/11113c80678b4cc36d7d625762536dfa41dfc96da78badc8a5653226adc7b465.webp)\"><\/div>\r\n          <figcaption>\r\n            <div>\r\n              <t6>hiszpania<\/t6>\r\n              <t2>gran canaria<\/t2>\r\n            <\/div>\r\n            <div>\r\n              <t3>DELUXE<\/t3>\r\n              <t3>POKA\u017b HOTELE <strong>DELUXE<\/strong><\/t3>\r\n            <\/div>\r\n          <price>2646<\/price>\r\n          <\/figcaption>\r\n          <search><\/search>\r\n          <a href=\"\/l,,,,,,,,,,,samolot,,,,,,,,,,,16531;20794;18810\" target=\"_blank\" rel=\"noopener\"><\/a>\r\n        <\/figure>\r\n        \r\n        <figure id=\"udds-22\" class=\"deluxe offer-not-exists\">\r\n          <div class=\"kierunek\" style=\"background-image: url()\"><\/div>\r\n          <figcaption>\r\n            <div>\r\n              <t6><\/t6>\r\n              <t2><\/t2>\r\n            <\/div>\r\n            <div>\r\n              <t3>DELUXE<\/t3>\r\n              <t3>POKA\u017b HOTELE <strong>DELUXE<\/strong><\/t3>\r\n            <\/div>\r\n          <price><\/price>\r\n          <\/figcaption>\r\n          <search><\/search>\r\n          <a href=\"\" target=\"_blank\" rel=\"noopener\"><\/a>\r\n        <\/figure>\r\n        \r\n        <figure id=\"udds-23\" class=\"deluxe offer-exists\">\r\n          <div class=\"kierunek\" style=\"background-image: url(https:\/\/datacfstatic.merlinx.pl\/ECCX\/IMG\/9141\/7375d625f81ee0ab343070f4ca950570f1f35491b6fdfc01ea00f01584e80dc5.webp)\"><\/div>\r\n          <figcaption>\r\n            <div>\r\n              <t6>hiszpania<\/t6>\r\n              <t2>teneryfa<\/t2>\r\n            <\/div>\r\n            <div>\r\n              <t3>DELUXE<\/t3>\r\n              <t3>POKA\u017b HOTELE <strong>DELUXE<\/strong><\/t3>\r\n            <\/div>\r\n          <price>2384<\/price>\r\n          <\/figcaption>\r\n          <search><\/search>\r\n          <a href=\"\/l,,,,,,,,,,,samolot,,,,,,,,,,,20898;17194;20899\" target=\"_blank\" rel=\"noopener\"><\/a>\r\n        <\/figure>\r\n        \r\n        <figure id=\"udds-24\" class=\"deluxe offer-exists\">\r\n          <div class=\"kierunek\" style=\"background-image: url(https:\/\/datacfstatic.merlinx.pl\/ECCX\/IMG\/1813\/5716136d704bf52cdb397f81193b8ea76334c218e83c8b0bf6e32742cb81c0b1.webp)\"><\/div>\r\n          <figcaption>\r\n            <div>\r\n              <t6>hiszpania<\/t6>\r\n              <t2>fuerteventura<\/t2>\r\n            <\/div>\r\n            <div>\r\n              <t3>DELUXE<\/t3>\r\n              <t3>POKA\u017b HOTELE <strong>DELUXE<\/strong><\/t3>\r\n            <\/div>\r\n          <price>2785<\/price>\r\n          <\/figcaption>\r\n          <search><\/search>\r\n          <a href=\"\/l,,,,,,,,,,,samolot,,,,,,,,,,,20881\" target=\"_blank\" rel=\"noopener\"><\/a>\r\n        <\/figure>\r\n        \r\n        <figure id=\"udds-25\" class=\"deluxe offer-not-exists\">\r\n          <div class=\"kierunek\" style=\"background-image: url()\"><\/div>\r\n          <figcaption>\r\n            <div>\r\n              <t6><\/t6>\r\n              <t2><\/t2>\r\n            <\/div>\r\n            <div>\r\n              <t3>DELUXE<\/t3>\r\n              <t3>POKA\u017b HOTELE <strong>DELUXE<\/strong><\/t3>\r\n            <\/div>\r\n          <price><\/price>\r\n          <\/figcaption>\r\n          <search><\/search>\r\n          <a href=\"\" target=\"_blank\" rel=\"noopener\"><\/a>\r\n        <\/figure>\r\n        \r\n\r\n\r\n\r\n\r\n      <\/div>\r\n\r\n\r\n     \r\n      <hr>\r\n\r\n      <div class=\"newsletter\">\r\n        <img decoding=\"async\" src=\"https:\/\/www.eccoholiday.com\/fm\/pliki\/lp-deluxe\/img\/bell-eh.svg\" alt=\"\">\r\n        <p>Zam\u00f3w przypomnienie o&nbsp;naszych promocjach<\/p>\r\n        <a href=\"\/index.php?module=dialogs&#038;dialogsTemplate=newsletter\/add&#038;extParams=\">Zapisz si\u0119 na newsletter Ecco&nbsp;Holiday<\/a>\r\n      <\/div>\r\n    <\/div>\r\n\r\n  <\/div>\r\n\r\n","protected":false},"excerpt":{"rendered":"HOTELE DELUXE Oto nasze najciekawsze hotele na beztroski relaks. Idealne, je\u015bli macie ochot\u0119 si\u0119 troch\u0119 porozpieszcza\u0107. W&nbsp;ko\u0144cu po to s\u0105 wakacje! Wybierz jeden z kierunk\u00f3w: grecja kreta DELUXE POKA\u017b HOTELE DELUXE 1873 grecja korfu DELUXE POKA\u017b HOTELE DELUXE 1680 grecja rodos DELUXE POKA\u017b HOTELE DELUXE 1175 grecja zakynthos DELUXE POKA\u017b HOTELE DELUXE 3235 grecja santorini [&hellip;]","protected":false},"author":4,"featured_media":0,"parent":0,"menu_order":0,"comment_status":"closed","ping_status":"closed","template":"","meta":{"_acf_changed":false,"footnotes":""},"wf_page_folders":[5],"class_list":["post-3284","page","type-page","status-publish","hentry"],"acf":[],"_links":{"self":[{"href":"https:\/\/www.eccotravel.eu\/p\/wp-json\/wp\/v2\/pages\/3284","targetHints":{"allow":["GET"]}}],"collection":[{"href":"https:\/\/www.eccotravel.eu\/p\/wp-json\/wp\/v2\/pages"}],"about":[{"href":"https:\/\/www.eccotravel.eu\/p\/wp-json\/wp\/v2\/types\/page"}],"author":[{"embeddable":true,"href":"https:\/\/www.eccotravel.eu\/p\/wp-json\/wp\/v2\/users\/4"}],"replies":[{"embeddable":true,"href":"https:\/\/www.eccotravel.eu\/p\/wp-json\/wp\/v2\/comments?post=3284"}],"version-history":[{"count":23,"href":"https:\/\/www.eccotravel.eu\/p\/wp-json\/wp\/v2\/pages\/3284\/revisions"}],"predecessor-version":[{"id":9944,"href":"https:\/\/www.eccotravel.eu\/p\/wp-json\/wp\/v2\/pages\/3284\/revisions\/9944"}],"wp:attachment":[{"href":"https:\/\/www.eccotravel.eu\/p\/wp-json\/wp\/v2\/media?parent=3284"}],"wp:term":[{"taxonomy":"wf_page_folders","embeddable":true,"href":"https:\/\/www.eccotravel.eu\/p\/wp-json\/wp\/v2\/wf_page_folders?post=3284"}],"curies":[{"name":"wp","href":"https:\/\/api.w.org\/{rel}","templated":true}]}}