{"id":5163,"date":"2022-04-01T00:01:57","date_gmt":"2022-03-31T22:01:57","guid":{"rendered":"https:\/\/www.eccoholiday.com\/p?page_id=5163"},"modified":"2025-08-19T09:42:11","modified_gmt":"2025-08-19T07:42:11","slug":"polowa-listopada-wtorek-rano","status":"publish","type":"page","link":"https:\/\/www.eccotravel.eu\/p\/cisza-spokoj-relaks","title":{"rendered":"Cisza, spok\u00f3j, relaks&#8230; &#8211; wyj\u0105tkowa egzotyka!"},"content":{"rendered":"\r\n\r\n\r\n<link rel=\"stylesheet\" href=\"https:\/\/www.eccoholiday.com\/fm\/pliki\/lp-listopad\/style.min.css?ts=1775642780\">\r\n<link rel=\"stylesheet\" href=\"style.css\">\r\n<link rel=\"stylesheet\" href=\"https:\/\/www.eccoholiday.com\/fm\/pliki\/lp-wytyczne\/style-covid-uni.min.css?ts=1775642780\">\r\n\r\n\r\n\r\n\r\n\r\n\r\n\r\n\r\n\r\n\r\n\r\n\r\n\r\n\r\n\r\n\r\n\r\n\r\n\r\n\r\n\r\n\r\n    <div class=\"lp-listopad container\">\r\n        <div class=\"lp-top\">\r\n            <img decoding=\"async\" src=\"https:\/\/www.eccoholiday.com\/fm\/pliki\/lp-listopad\/img\/top-desktop.webp\" alt=\"\">\r\n            <h1 class=\"lp-title\">CISZA, SPOK\u00d3J, RELAKS<\/h1>\r\n            <p class=\"txt\">Wyj\u0105tkowy wyjazd, podczas kt\u00f3rego mo\u017cna zapomnie\u0107 o&nbsp;troskach dnia codziennego to przepis na&nbsp;udany&nbsp;urlop!<\/p>\r\n            <p class=\"txt\">Od 20&nbsp;lat Ecco Travel jest ekspertem od tworzenia wspania\u0142ego nastroju i&nbsp;wspomnie\u0144, kt\u00f3re&nbsp;na&nbsp;d\u0142ugo b\u0119d\u0105&nbsp;\u017ar\u00f3d\u0142em dobrej energii i&nbsp;si\u0142y do&nbsp;kolejnych wyzwa\u0144.<\/p>\r\n            <h2 class=\"lp-title-2\">Wybierzmy si\u0119 wi\u0119c razem w&nbsp;podr\u00f3\u017c.<\/h2>\r\n        <\/div>\r\n\r\n\r\n        <div class=\"lp-offers price-1\">\r\n            \r\n            <a href=\"\" class=\"box-offer offer-not-exists\" target=\"_blank\" rel=\"noopener\">\r\n                <div class=\"box-offer__content malediwy\">\r\n                    <div class=\"offer-details\">\r\n                        <div class=\"countryRegion\">Malediwy<\/div>\r\n                        <div class=\"price price-0000\">0000<\/div>\r\n                        <div class=\"price price-show\"><\/div>\r\n                    <\/div>\r\n                    <div class=\"angle\"><\/div>\r\n                    <div class=\"requirements \">\r\n                        <div class=\"test \"><\/div>\r\n                        <div class=\"mask \"><\/div>\r\n                        <div class=\"code \"><\/div>\r\n                    <\/div>  \r\n                <\/div>\r\n            <\/a>\r\n            \r\n            <a href=\"\/l,Mauritius\" class=\"box-offer offer-exists\" target=\"_blank\" rel=\"noopener\">\r\n                <div class=\"box-offer__content mauritius\">\r\n                    <div class=\"offer-details\">\r\n                        <div class=\"countryRegion\">Mauritius<\/div>\r\n                        <div class=\"price price-0000\">0000<\/div>\r\n                        <div class=\"price price-show\">6\u00a0560<\/div>\r\n                    <\/div>\r\n                    <div class=\"angle\"><\/div>\r\n                    <div class=\"requirements exists\">\r\n                        <div class=\"test nie\"><\/div>\r\n                        <div class=\"mask nie\"><\/div>\r\n                        <div class=\"code tak\"><\/div>\r\n                    <\/div>  \r\n                <\/div>\r\n            <\/a>\r\n\r\n            <a href=\"\" class=\"box-offer offer-not-exists\" target=\"_blank\" rel=\"noopener\">\r\n                <div class=\"box-offer__content curacao\">\r\n                    <div class=\"offer-details\">\r\n                        <div class=\"countryRegion\">Curacao<\/div>\r\n                        <div class=\"price price-0000\">0000<\/div>\r\n                        <div class=\"price price-show\"><\/div>\r\n                    <\/div>\r\n                    <div class=\"angle\"><\/div>\r\n                    <div class=\"requirements \">\r\n                        <div class=\"test \"><\/div>\r\n                        <div class=\"mask \"><\/div>\r\n                        <div class=\"code \"><\/div>\r\n                    <\/div>  \r\n                <\/div>\r\n            <\/a>\r\n\r\n            <a href=\"\" class=\"box-offer offer-not-exists\" target=\"_blank\" rel=\"noopener\">\r\n                <div class=\"box-offer__content emiraty\">\r\n                    <div class=\"offer-details\">\r\n                        <div class=\"countryRegion\">Emiraty Arabskie<\/div>\r\n                        <div class=\"region\">Abu Dhabi<\/div>\r\n                        <div class=\"price price-0000\">0000<\/div>\r\n                        <div class=\"price price-show\"><\/div>\r\n                    <\/div>\r\n                    <div class=\"angle\"><\/div>\r\n                    <div class=\"requirements \">\r\n                        <div class=\"test \"><\/div>\r\n                        <div class=\"mask \"><\/div>\r\n                        <div class=\"code \"><\/div>\r\n                    <\/div>  \r\n                <\/div>\r\n            <\/a>\r\n            \r\n            <a href=\"\/l,Bahrajn\" class=\"box-offer offer-exists\" target=\"_blank\" rel=\"noopener\">\r\n                <div class=\"box-offer__content bahrajn\">\r\n                    <div class=\"offer-details\">\r\n                        <div class=\"countryRegion\">Bahrajn<\/div>\r\n                        <div class=\"price price-0000\">0000<\/div>\r\n                        <div class=\"price price-show\">6\u00a0079<\/div>\r\n                    <\/div>\r\n                    <div class=\"angle\"><\/div>\r\n                    <div class=\"requirements exists\">\r\n                        <div class=\"test nie\"><\/div>\r\n                        <div class=\"mask tak\"><\/div>\r\n                        <div class=\"code tak\"><\/div>\r\n                    <\/div>  \r\n                <\/div>\r\n            <\/a>\r\n\r\n            <a href=\"\" class=\"box-offer offer-not-exists\" target=\"_blank\" rel=\"noopener\">\r\n                <div class=\"box-offer__content katar\">\r\n                    <div class=\"offer-details\">\r\n                        <div class=\"countryRegion\">Katar<\/div>\r\n                        <div class=\"price price-0000\">0000<\/div>\r\n                        <div class=\"price price-show\"><\/div>\r\n                    <\/div>\r\n                    <div class=\"angle\"><\/div>\r\n                    <div class=\"requirements \">\r\n                        <div class=\"test \"><\/div>\r\n                        <div class=\"mask \"><\/div>\r\n                        <div class=\"code \"><\/div>\r\n                    <\/div>  \r\n                <\/div>\r\n            <\/a>\r\n            \r\n            <a href=\"\" class=\"box-offer offer-not-exists\" target=\"_blank\" rel=\"noopener\">\r\n                <div class=\"box-offer__content hawaje\">\r\n                    <div class=\"offer-details\">\r\n                        <div class=\"countryRegion\">USA<\/div>\r\n                        <div class=\"region\">Hawaje<\/div>\r\n                        <div class=\"price price-0000\">0000<\/div>\r\n                        <div class=\"price price-show\"><\/div>\r\n                    <\/div>\r\n                    <div class=\"angle\"><\/div>\r\n                    <div class=\"requirements \">\r\n                        <div class=\"test \"><\/div>\r\n                        <div class=\"mask \"><\/div>\r\n                        <div class=\"code \"><\/div>\r\n                    <\/div>  \r\n                <\/div>\r\n            <\/a>\r\n                        \r\n            <a href=\"\" class=\"box-offer offer-not-exists\" target=\"_blank\" rel=\"noopener\">\r\n                <div class=\"box-offer__content kostaryka\">\r\n                    <div class=\"offer-details\">\r\n                        <div class=\"countryRegion\">Kostaryka<\/div>\r\n                        <div class=\"price price-0000\">0000<\/div>\r\n                        <div class=\"price price-show\"><\/div>\r\n                    <\/div>\r\n                    <div class=\"angle\"><\/div>\r\n                    <div class=\"requirements \">\r\n                        <div class=\"test \"><\/div>\r\n                        <div class=\"mask \"><\/div>\r\n                        <div class=\"code \"><\/div>\r\n                    <\/div>  \r\n                <\/div>\r\n            <\/a>\r\n            \r\n            <a href=\"\" class=\"box-offer offer-not-exists\" target=\"_blank\" rel=\"noopener\">\r\n                <div class=\"box-offer__content tajlandia\">\r\n                    <div class=\"offer-details\">\r\n                        <div class=\"countryRegion\">Tajlandia<\/div>\r\n                        <div class=\"region\">Phuket<\/div>\r\n                        <div class=\"price price-0000\">0000<\/div>\r\n                        <div class=\"price price-show\"><\/div>\r\n                    <\/div>\r\n                    <div class=\"angle\"><\/div>\r\n                    <div class=\"requirements \">\r\n                        <div class=\"test \"><\/div>\r\n                        <div class=\"mask \"><\/div>\r\n                        <div class=\"code \"><\/div>\r\n                    <\/div>  \r\n                <\/div>\r\n            <\/a>\r\n\r\n            <a href=\"\" class=\"box-offer offer-not-exists\" target=\"_blank\" rel=\"noopener\">\r\n                <div class=\"box-offer__content oman\">\r\n                    <div class=\"offer-details\">\r\n                        <div class=\"countryRegion\">Oman<\/div>\r\n                        <div class=\"price price-0000\">0000<\/div>\r\n                        <div class=\"price price-show\"><\/div>\r\n                    <\/div>\r\n                    <div class=\"angle\"><\/div>\r\n                    <div class=\"requirements \">\r\n                        <div class=\"test \"><\/div>\r\n                        <div class=\"mask \"><\/div>\r\n                        <div class=\"code \"><\/div>\r\n                    <\/div>  \r\n                <\/div>\r\n            <\/a>\r\n            \r\n            <a href=\"\" class=\"box-offer offer-not-exists\" target=\"_blank\" rel=\"noopener\">\r\n                <div class=\"box-offer__content martynika\">\r\n                    <div class=\"offer-details\">\r\n                        <div class=\"countryRegion\">Martynika<\/div>\r\n                        <div class=\"price price-0000\">0000<\/div>\r\n                        <div class=\"price price-show\"><\/div>\r\n                    <\/div>\r\n                    <div class=\"angle\"><\/div>\r\n                    <div class=\"requirements \">\r\n                        <div class=\"test \"><\/div>\r\n                        <div class=\"mask \"><\/div>\r\n                        <div class=\"code \"><\/div>\r\n                    <\/div>  \r\n                <\/div>\r\n            <\/a>\r\n  \r\n            <a href=\"\" class=\"box-offer offer-not-exists\" target=\"_blank\" rel=\"noopener\">\r\n                <div class=\"box-offer__content panama\">\r\n                    <div class=\"offer-details\">\r\n                        <div class=\"countryRegion\">Panama<\/div>\r\n                        <div class=\"price price-0000\">0000<\/div>\r\n                        <div class=\"price price-show\"><\/div>\r\n                    <\/div>\r\n                    <div class=\"angle\"><\/div>\r\n                    <div class=\"requirements \">\r\n                        <div class=\"test \"><\/div>\r\n                        <div class=\"mask \"><\/div>\r\n                        <div class=\"code \"><\/div>\r\n                    <\/div>  \r\n                <\/div>\r\n            <\/a>\r\n  \r\n            <a href=\"\" class=\"box-offer offer-not-exists\" target=\"_blank\" rel=\"noopener\">\r\n                <div class=\"box-offer__content seszele\">\r\n                    <div class=\"offer-details\">\r\n                        <div class=\"countryRegion\">Seszele<\/div>\r\n                        <div class=\"price price-0000\">0000<\/div>\r\n                        <div class=\"price price-show\"><\/div>\r\n                    <\/div>\r\n                    <div class=\"angle\"><\/div>\r\n                    <div class=\"requirements \">\r\n                        <div class=\"test \"><\/div>\r\n                        <div class=\"mask \"><\/div>\r\n                        <div class=\"code \"><\/div>\r\n                    <\/div>  \r\n                <\/div>\r\n            <\/a>\r\n  \r\n            <a href=\"\" class=\"box-offer offer-not-exists\" target=\"_blank\" rel=\"noopener\">\r\n                <div class=\"box-offer__content dominikana\">\r\n                    <div class=\"offer-details\">\r\n                        <div class=\"countryRegion\">Dominikana<\/div>\r\n                        <div class=\"price price-0000\">0000<\/div>\r\n                        <div class=\"price price-show\"><\/div>\r\n                    <\/div>\r\n                    <div class=\"angle\"><\/div>\r\n                    <div class=\"requirements \">\r\n                        <div class=\"test \"><\/div>\r\n                        <div class=\"mask \"><\/div>\r\n                        <div class=\"code \"><\/div>\r\n                    <\/div>  \r\n                <\/div>\r\n            <\/a>\r\n  \r\n            <a href=\"\" class=\"box-offer offer-not-exists\" target=\"_blank\" rel=\"noopener\">\r\n                <div class=\"box-offer__content polinezja\">\r\n                    <div class=\"offer-details\">\r\n                        <div class=\"countryRegion\">Polinezja Francuska<\/div>\r\n                        <div class=\"price price-0000\">0000<\/div>\r\n                        <div class=\"price price-show\"><\/div>\r\n                    <\/div>\r\n                    <div class=\"angle\"><\/div>\r\n                    <div class=\"requirements \">\r\n                        <div class=\"test \"><\/div>\r\n                        <div class=\"mask \"><\/div>\r\n                        <div class=\"code \"><\/div>\r\n                    <\/div>  \r\n                <\/div>\r\n            <\/a>\r\n  \r\n            <a href=\"\" class=\"box-offer offer-not-exists\" target=\"_blank\" rel=\"noopener\">\r\n                <div class=\"box-offer__content jamajka\">\r\n                    <div class=\"offer-details\">\r\n                        <div class=\"countryRegion\">Jamajka<\/div>\r\n                        <div class=\"price price-0000\">0000<\/div>\r\n                        <div class=\"price price-show\"><\/div>\r\n                    <\/div>\r\n                    <div class=\"angle\"><\/div>\r\n                    <div class=\"requirements \">\r\n                        <div class=\"test \"><\/div>\r\n                        <div class=\"mask \"><\/div>\r\n                        <div class=\"code \"><\/div>\r\n                    <\/div>  \r\n                <\/div>\r\n            <\/a>\r\n\r\n\r\n\r\n\r\n        <\/div>\r\n\r\n\r\n        <div class=\"modul-bezpieczne-podrozowanie container\" style=\"display:none\" marka=\"ET\">\r\n            <div class=\"podrozowanie-naglowek\">BEZPIECZNE PODR\u00d3\u017bOWANIE &#8211;&nbsp;sprawd\u017a&nbsp;przed&nbsp;wyjazdem<\/div>\r\n            <a href=\"\/p\/aktualne-wymogi-i-obostrzenia\" class=\"podrozowanie-link link-1\">Aktualne wymogi dla podr\u00f3\u017cuj\u0105cych&nbsp;\u00bb<\/a>\r\n            <a href=\"\/p\/aktualne-wymogi-i-obostrzenia#bezpieczne-podrozowanie\" class=\"podrozowanie-link link-2\">Nowe standardy podr\u00f3\u017cowania&nbsp;\u00bb<\/a>\r\n        <\/div>\r\n\r\n\r\n        <div id=\"newsletter-footer\">\r\n            <img decoding=\"async\" src=\"https:\/\/www.eccoholiday.com\/fm\/pliki\/lp-deluxe\/img\/bell-eh.svg\" alt=\"Newsletter\">\r\n            <p>Zam\u00f3w przypomnienie o&nbsp;naszych&nbsp;promocjach<\/p>\r\n            <a href=\"\/index.php?module=dialogs&#038;dialogsTemplate=newsletter\/add&#038;extParams=\" class=\"button-newsletter\">Zapisz si\u0119 na nasz newsletter<\/a>\r\n        <\/div>\r\n\r\n\r\n\r\n    <\/div>","protected":false},"excerpt":{"rendered":"CISZA, SPOK\u00d3J, RELAKS Wyj\u0105tkowy wyjazd, podczas kt\u00f3rego mo\u017cna zapomnie\u0107 o&nbsp;troskach dnia codziennego to przepis na&nbsp;udany&nbsp;urlop! Od 20&nbsp;lat Ecco Travel jest ekspertem od tworzenia wspania\u0142ego nastroju i&nbsp;wspomnie\u0144, kt\u00f3re&nbsp;na&nbsp;d\u0142ugo b\u0119d\u0105&nbsp;\u017ar\u00f3d\u0142em dobrej energii i&nbsp;si\u0142y do&nbsp;kolejnych wyzwa\u0144. Wybierzmy si\u0119 wi\u0119c razem w&nbsp;podr\u00f3\u017c. Malediwy 0000 Mauritius 0000 6\u00a0560 Curacao 0000 Emiraty Arabskie Abu Dhabi 0000 Bahrajn 0000 6\u00a0079 Katar 0000 [&hellip;]","protected":false},"author":4,"featured_media":0,"parent":0,"menu_order":0,"comment_status":"closed","ping_status":"closed","template":"","meta":{"_acf_changed":false,"footnotes":""},"wf_page_folders":[5],"class_list":["post-5163","page","type-page","status-publish","hentry"],"acf":[],"_links":{"self":[{"href":"https:\/\/www.eccotravel.eu\/p\/wp-json\/wp\/v2\/pages\/5163","targetHints":{"allow":["GET"]}}],"collection":[{"href":"https:\/\/www.eccotravel.eu\/p\/wp-json\/wp\/v2\/pages"}],"about":[{"href":"https:\/\/www.eccotravel.eu\/p\/wp-json\/wp\/v2\/types\/page"}],"author":[{"embeddable":true,"href":"https:\/\/www.eccotravel.eu\/p\/wp-json\/wp\/v2\/users\/4"}],"replies":[{"embeddable":true,"href":"https:\/\/www.eccotravel.eu\/p\/wp-json\/wp\/v2\/comments?post=5163"}],"version-history":[{"count":30,"href":"https:\/\/www.eccotravel.eu\/p\/wp-json\/wp\/v2\/pages\/5163\/revisions"}],"predecessor-version":[{"id":10010,"href":"https:\/\/www.eccotravel.eu\/p\/wp-json\/wp\/v2\/pages\/5163\/revisions\/10010"}],"wp:attachment":[{"href":"https:\/\/www.eccotravel.eu\/p\/wp-json\/wp\/v2\/media?parent=5163"}],"wp:term":[{"taxonomy":"wf_page_folders","embeddable":true,"href":"https:\/\/www.eccotravel.eu\/p\/wp-json\/wp\/v2\/wf_page_folders?post=5163"}],"curies":[{"name":"wp","href":"https:\/\/api.w.org\/{rel}","templated":true}]}}